?
12
Let m = -23 - -16. Let h = -11 - m. Let z be h/(-18) + (-302)/(-18). Calculate the greatest common divisor of 51 and z.
17
Let w be -4*((-131)/4 + -1). Let t be (-1)/6 - (-17225)/318. Calculate the greatest common factor of w and t.
27
Let u = -63 - -99. Suppose -o + 3*o = u. What is the highest common factor of o and 6?
6
Let d be (57 - -9)*(238/21 + -6). What is the highest common factor of 160 and d?
32
Let u be (2/4*1)/((-2)/52). Let f be (-1278)/(-8) + u/(-52). Calculate the greatest common divisor of 32 and f.
32
Let w be 6/(-8) + (-714)/(-56). Suppose -d + 45 = p, -2*d + 4*p = -4*d + 88. Let z = -10 + d. Calculate the highest common divisor of z and w.
12
Let g(k) = -4*k + 40. Let b(u) = u**3 + 18*u**2 + 18*u + 9. Let p be b(-17). Let l be g(p). Calculate the greatest common divisor of l and 18.
18
Let p(i) = -i**3 + 63*i + 14. Let j be p(-8). Calculate the highest common factor of j and 517.
11
Let v(l) = 14*l + 6. Let b(m) = 5*m + 2. Let i(w) = 11*b(w) - 4*v(w). Let q be i(-11). Calculate the highest common divisor of 36 and q.
9
Let r be 40 + (6 + -7)*10. Calculate the highest common factor of r and 55.
5
Let a(h) = 13*h - 3. Let k be a(8). Let z = k - 84. What is the highest common divisor of z and 68?
17
Suppose v + h - 114 = 2*h, 0 = -4*v + 5*h + 460. What is the highest common divisor of v and 44?
22
Let g = 253 + 459. Suppose v = -2*u + 4, -3*v + 5*v + 2*u - 8 = 0. Suppose v*h + 208 = g. Calculate the highest common factor of h and 14.
14
Let t(l) = -6*l + 14. Let k be t(-6). Let w(y) = -y**3 - 9*y**2 - y + 11. Let u be w(-9). Calculate the greatest common factor of u and k.
10
Suppose 3*x = -3*u + 141, 3*u = u + 4. Let h be x/5 + -3 + 5. Suppose 2*q - 3 = -q. Calculate the greatest common divisor of q and h.
1
Suppose 3992 = 5*x - 4*a, 3*x + 20*a - 16*a - 2408 = 0. Calculate the greatest common factor of x and 4.
4
Suppose 16 = -2*b + 100. Suppose 0*v = -3*v + 189. Let r = -57 + v. Calculate the highest common divisor of b and r.
6
Suppose 0*b - b + 40 = 0. Suppose r = -3, -3*n = 2*n - 4*r - 37. Suppose 7*t = n*t + 16. What is the greatest common divisor of t and b?
8
Let x be 3 - (-12)/48*68. What is the greatest common divisor of x and 970?
10
Let j = -16 + 19. Suppose 0 = 2*b + 2*c + 4, j*b + 2*c + 4 = -b. Suppose 4*l - 3*z - 42 = b, 3*l = -2*z - z + 42. What is the highest common factor of 12 and l?
12
Suppose -4*j - 4*r + 511 = r, 0 = -3*j + 5*r + 427. What is the highest common divisor of j and 737?
67
Let t = 258 - 238. What is the greatest common divisor of t and 100?
20
Let d(v) be the second derivative of v**2 + v**4 - 10*v + 1/2*v**3 + 0. Let h be d(-1). What is the greatest common factor of h and 99?
11
Let d be (265/5)/(21/42). Calculate the highest common divisor of d and 1431.
53
Suppose -4*n + 125 = 3*h - 139, -5*n = 3*h - 264. What is the greatest common divisor of h and 220?
44
Let z be ((-4)/3)/((-6)/(-3 + 651)). What is the highest common divisor of 32 and z?
16
Suppose 3*m + 400 - 1392 = -5*i, 596 = 3*i + 2*m. Calculate the highest common divisor of i and 77.
7
Suppose 0 = 4*t + 7*t - 154. Calculate the highest common factor of t and 56.
14
Let d = 17 - 5. Suppose 4*p - 5 = 59. Calculate the greatest common divisor of d and p.
4
Suppose 2*m - 12 = -2. Suppose 3*a = 0, -2*a = 4*n + a - 3804. Let j be (-2)/7 - n/(-21). What is the greatest common factor of j and m?
5
Let p be 8 - (-15)/(-5) - (-2240)/2. Calculate the highest common divisor of 25 and p.
25
Let m(d) = -d - 12. Let k be m(-13). Let l be (120 - 4) + k + -1. Calculate the highest common factor of 29 and l.
29
Let l(z) = 3*z - 11. Let j be l(5). Suppose 2*r - 33 = -j*s + 7*r, 0 = 3*s + 2*r - 19. Calculate the highest common factor of s and 35.
7
Let a = 16 + -10. Suppose -4*b + 14 = 6. Suppose -b - 8 = -5*d. What is the greatest common divisor of d and a?
2
Let c be 25/10 + ((-351)/(-6) - 5). Calculate the greatest common divisor of c and 1.
1
Let j(l) = 4*l - 15. Let o be j(7). What is the greatest common factor of o and 637?
13
Suppose j - 31 = -28. Suppose i - 15 = 4*i, j*i = -c + 315. Calculate the highest common factor of 30 and c.
30
Let f(o) = -o - 3*o**2 + 136*o**3 - 2*o**2 + 6*o**2. Let g be f(1). Calculate the highest common divisor of g and 17.
17
Let r = 13 + -9. Suppose -r*q + 0*q + 32 = 3*u, -5*u + 3*q = -5. Let x = 5 + -1. Calculate the greatest common divisor of x and u.
4
Let u = -99 - -149. What is the greatest common factor of u and 125?
25
Let g(h) = -h**2 - 3*h + 14. Let q be g(-14). Let k be (-8740)/q - (1 + (-11)/7). Calculate the greatest common divisor of 14 and k.
7
Suppose 61 + 71 = 4*k. Calculate the greatest common divisor of k and 22.
11
Let c be (8/12 - 0)*(-5 - -44). Let k(n) = -7*n - 2. Let p be k(-4). Calculate the highest common factor of p and c.
26
Suppose 2*s - 114 = -17*s. Calculate the greatest common factor of 72 and s.
6
Let j(m) = m**2 - 7. Let y be j(4). Calculate the highest common divisor of 81 and y.
9
Suppose -b = 3*b. Suppose 2*j = -b*j. Suppose -q = 5*i - 35, j = 2*q - 5 - 5. What is the highest common divisor of 18 and i?
6
Suppose 7*l = 4*l + 9. Let i(g) = g**2 - 7*g + 8. Let u be i(7). Let t = l + u. What is the greatest common factor of t and 88?
11
Let c(t) = 2*t**3 + 7*t**2 - 8*t. Let k be c(-4). What is the highest common factor of 80 and k?
16
Let m(j) = 2*j + 2*j - 13 - 3*j - 3*j. Let s be m(-8). Suppose 0 = -4*n + s*r - 6*r + 212, 2*n = -r + 108. What is the highest common factor of n and 14?
14
Let y(n) = -n**2 + 9*n - 18. Let r be y(5). Suppose -r*t = -3*l + t + 33, -2*t = -3*l + 38. Calculate the highest common divisor of l and 256.
16
Let w = -26 + 37. Let k be (-6)/((0/(-2) + 2)*1). Let o be ((-44)/(-10))/(k/(-15)). What is the highest common factor of w and o?
11
Let i be ((-5)/(-10))/((-2)/(-240)). Suppose -c - i = -2*c. Suppose -w + c = 4*w. Calculate the greatest common factor of 12 and w.
12
Let g(h) = 3*h + 37. Let m be g(-11). Suppose w - 39 = m*o, 5*o - 28 = -4*w + 44. What is the greatest common factor of w and 253?
23
Let l(m) = -71*m**3 + 73*m**3 - 3*m**2 + 3 + 4*m**2 - 3*m. Let w be l(3). Let j be (38*2)/(8/4). What is the greatest common factor of w and j?
19
Suppose 3*n = -5*m + 2194, m = -0*n - n + 438. Calculate the highest common divisor of m and 40.
40
Let m(u) = u**2 + 25*u + 69. Let w be m(-24). Calculate the greatest common factor of 10 and w.
5
Let r be (3 + -22 + 3)/(-2). Let c = r - 6. Suppose -c*b + 2*g = 4*g - 44, 3*b - 5*g = 82. Calculate the highest common factor of 12 and b.
12
Let s = -408 + 472. What is the highest common factor of 448 and s?
64
Suppose 3*d = 2*d + 52. Calculate the highest common divisor of d and 13.
13
Let q be 30*5/15*2. Let s(k) = k**3 + 5*k**2 - 2. Let p be s(-5). Let l be p/6 - (-64)/12. What is the highest common factor of l and q?
5
Suppose -7*z = -8*z + 119. Calculate the greatest common divisor of z and 7.
7
Suppose -5*b = 5*m - 215, 6*m - 211 = m - 4*b. Suppose 9 = -5*i + m. What is the highest common divisor of 42 and i?
6
Suppose -29 = -5*n - 4*d + 102, -79 = -3*n - 2*d. Let v be -1 + -1 + 3 + 0. Let i be ((-540)/16)/(v/(-4)). Calculate the highest common divisor of i and n.
27
Suppose a - 2 = 0, -5*a + 38 = 4*h - 0*a. Suppose -36 + 148 = h*x. What is the highest common divisor of 12 and x?
4
Let l be (-33)/((-2178)/44)*1/(2/63). Let w(g) = g**3 - g**2 - 2*g + 1. Let d be w(-2). Let t be d*(-4 + 1 - -2). What is the highest common factor of l and t?
7
Suppose -2*c - 115 = -5*r + 3*c, 0 = r + 5*c + 1. Suppose r = v - 23. Let l be (-616)/(-33)*6/4. Calculate the greatest common factor of l and v.
14
Let j = -348 + 1030. What is the highest common divisor of j and 62?
62
Suppose -752 = -2*m + 12. Let c be (-2)/((-5)/(-405) - 0). Let v = m + c. What is the highest common factor of v and 20?
20
Suppose p = -q + 51, -q - p = 2*p - 59. Let u = q - 39. Calculate the highest common factor of u and 40.
8
Let p(k) = 14*k + 5. Let c be p(1). Suppose 2*w + 2 = 5*n - 7, -4*n - 39 = 5*w. Let x = c + w. What is the greatest common factor of 132 and x?
12
Let v be (-71)/(-4) - 4/(-16). Let p be ((486/12)/9)/((-1)/(-20)). Calculate the highest common divisor of p and v.
18
Let a(q) = -q**3 + 11*q**2 - 7*q - 27. Let l be a(10). What 